{"id":1491,"date":"2022-04-30T14:12:40","date_gmt":"2022-04-30T12:12:40","guid":{"rendered":"https:\/\/bufak.uni-goettingen.de\/?page_id=1491"},"modified":"2022-09-09T15:15:01","modified_gmt":"2022-09-09T13:15:01","slug":"ws-fr","status":"publish","type":"page","link":"https:\/\/bufak.uni-goettingen.de\/index.php\/ws-fr\/","title":{"rendered":"Workshops, Input (WS2) und Barcamps"},"content":{"rendered":"\n<p class=\"has-h-4-font-size\"><strong>Inputvortr\u00e4ge<\/strong><\/p>\n\n\n\n<p>Freitag 12:00 &#8211; 13:00 Uhr<\/p>\n\n\n\n<figure class=\"wp-block-table is-style-tw-border-h\"><table><thead><tr><th>Niveau<\/th><th>Titel<\/th><th>Referent:in<\/th><th>Protokoll<\/th><\/tr><\/thead><tbody><tr><td>B<\/td><td>Einf\u00fchrung in die Akkreditierung<\/td><td>Tobias Burk<br>Fynn Hug<\/td><td><a href=\"https:\/\/bufak.uni-goettingen.de\/index.php\/2022\/09\/08\/einfuehrung-in-die-akkreditierung\/\" data-type=\"post\" data-id=\"1739\">Einf\u00fchrung in die Akkreditierung<\/a><\/td><\/tr><tr><td>B<\/td><td>Inputvortrag unseres Dekans zum Thema Praxisorientierte Lehre<\/td><td>Prof. Dr. Matthias Schumann<\/td><td><a href=\"https:\/\/bufak.uni-goettingen.de\/index.php\/2022\/09\/08\/inputvortrag-des-dekans-zum-thema-praxisorientierte-lehre\/\" data-type=\"post\" data-id=\"1681\">Inputvortrag des Dekans zum Thema Praxisorientierte Lehre<\/a><\/td><\/tr><tr><td>B<\/td><td>Inputvortrag zum Thema Nachhaltigkeit an der Universit\u00e4t G\u00f6ttingen<\/td><td>Marco Lange<\/td><td><a href=\"https:\/\/bufak.uni-goettingen.de\/index.php\/2022\/09\/08\/nachhaltigkeit-an-der-universitaet-goettingen\/\" data-type=\"post\" data-id=\"1709\">Nachhaltigkeit an der Universit\u00e4t G\u00f6ttingen<\/a><\/td><\/tr><tr><td>F<\/td><td>Inputvortrag zur Bologna-Reform<\/td><td>Dr. Peter Zervakis<\/td><td>Ausgefallen<\/td><\/tr><tr><td>B<\/td><td>Veranstaltungsmanagement<\/td><td>Jonas Reinhard<\/td><td><a href=\"https:\/\/bufak.uni-goettingen.de\/index.php\/2022\/09\/08\/veranstaltungsmanagement\/\" data-type=\"post\" data-id=\"1727\">Veranstaltungsmanagement<\/a><\/td><\/tr><\/tbody><\/table><figcaption>B: Basic<br>F: Fortgeschritten<\/figcaption><\/figure>\n\n\n\n<hr class=\"wp-block-separator has-css-opacity\"\/>\n\n\n\n<p class=\"has-h-4-font-size\"><strong>Workshops<\/strong><\/p>\n\n\n\n<p>Freitag 16:00 &#8211; 18:00 Uhr<\/p>\n\n\n\n<figure class=\"wp-block-table is-style-tw-border-h\"><table><thead><tr><th>Niveau<\/th><th>Titel<\/th><th>Referent:in<\/th><th>Protokoll<\/th><\/tr><\/thead><tbody><tr><td>B<\/td><td>Anrechnung von Gremienarbeit<\/td><td>Florian Guhr<\/td><td><a href=\"https:\/\/bufak.uni-goettingen.de\/index.php\/2022\/09\/08\/anrechnung-von-gremienarbeit\/\" data-type=\"post\" data-id=\"1661\">Anrechnung von Gremienarbeit<\/a><\/td><\/tr><tr><td>F<\/td><td>BuFaK einer Orga &#8211; Wie geht eine BuFaK?<\/td><td>Anne Gras<\/td><td><a href=\"https:\/\/bufak.uni-goettingen.de\/index.php\/2022\/09\/08\/bufak-einer-orga-wie-geht-eine-bufak\/\" data-type=\"post\" data-id=\"1669\">BuFaK einer Orga \u2013 Wie geht eine BuFaK?<\/a><\/td><\/tr><tr><td>F<\/td><td>Die (Be)Sonderheiten der Bayrischen Studierendenvertretung im deutschlandweiten Vergleich<\/td><td>Larissa Wolf,<br>Antonia Schillinger<\/td><td><a href=\"https:\/\/bufak.uni-goettingen.de\/index.php\/2022\/09\/08\/die-besonderheiten-der-bayrischen-studierendenvertretung-im-deutschlandweiten-vergleich\/\" data-type=\"post\" data-id=\"1665\">Die (Be)Sonderheiten der Bayrischen Studierendenvertretung im deutschlandweiten Vergleich<\/a><\/td><\/tr><tr><td>B<\/td><td>Einf\u00fchrung in die Hochschulpolitik<\/td><td>Anika Bittner<\/td><td><a href=\"https:\/\/bufak.uni-goettingen.de\/index.php\/2022\/09\/08\/einfuehrung-in-die-hochschulpolitik\/\" data-type=\"post\" data-id=\"1677\">Einf\u00fchrung in die Hochschulpolitik<\/a><\/td><\/tr><tr><td>B<\/td><td>Agiles Projektmanagement bei der Deutschen Bank<\/td><td>Julia Hofmann<\/td><td><a href=\"https:\/\/bufak.uni-goettingen.de\/index.php\/2022\/09\/08\/agiles-projektmanagement-bei-der-deutschen-bank\/\" data-type=\"post\" data-id=\"1655\">Agiles Projektmanagement bei der Deutschen Bank<\/a><\/td><\/tr><tr><td>B<\/td><td>Interne Veranstaltungen<\/td><td>Tobias Lutz,<br>Yannick Makuambala<\/td><td><a href=\"https:\/\/bufak.uni-goettingen.de\/index.php\/2022\/09\/08\/interne-veranstaltungen\/\" data-type=\"post\" data-id=\"1685\">Interne Veranstaltungen<\/a><\/td><\/tr><tr><td>B<\/td><td>Kommunikation und Zusammenarbeit zwischen Fakult\u00e4t und Fachschaft<\/td><td>Lisa Albrecht,<br>Dr. Henrik Wesseloh<\/td><td><a href=\"https:\/\/bufak.uni-goettingen.de\/index.php\/2022\/09\/08\/kommunikation-und-zusammenarbeit-zwischen-fakultaet-und-fachschaft\/\" data-type=\"post\" data-id=\"1689\">Kommunikation und Zusammenarbeit zwischen Fakult\u00e4t und Fachschaft<\/a><\/td><\/tr><tr><td>B<\/td><td>Konfliktmanagement in Fachschaften<\/td><td>Melissa Fortin,<br>Stephan Kr\u00fcger<\/td><td><a href=\"https:\/\/bufak.uni-goettingen.de\/index.php\/2022\/09\/08\/konfliktmanagement-in-fachschaften\/\" data-type=\"post\" data-id=\"1693\">Konfliktmanagement in Fachschaften<\/a><\/td><\/tr><tr><td>F<\/td><td>Managen der Gremien &#8211; Koordination und Verhandlung in der Unterzahl<\/td><td>Julius Hof<\/td><td><a href=\"https:\/\/bufak.uni-goettingen.de\/index.php\/2022\/09\/08\/managen-der-gremien-koordination-und-verhandlung-in-der-unterzahl\/\" data-type=\"post\" data-id=\"1697\">Managen der Gremien \u2013 Koordination und Verhandlung in der Unterzahl<\/a><\/td><\/tr><tr><td><\/td><td>Nachhaltig Studierende in die Fachschaft bringen<\/td><td>Christophe Kahl<\/td><td><a href=\"https:\/\/bufak.uni-goettingen.de\/index.php\/2022\/09\/08\/nachhaltig-studierende-in-die-fachschaft-bringen\/\" data-type=\"post\" data-id=\"1703\">Nachhaltig Studierende in die Fachschaft bringen<\/a><\/td><\/tr><tr><td>B<\/td><td>Organisation und Selbstverantwortung einer Orga verschiedener Events<\/td><td>Dominik H\u00f6hr<\/td><td><a href=\"https:\/\/bufak.uni-goettingen.de\/index.php\/2022\/09\/08\/organisation-und-selbstverantwortung-einer-orga-verschiedener-events\/\" data-type=\"post\" data-id=\"1713\">Organisation und Selbstverantwortung einer Orga verschiedener Events<\/a><\/td><\/tr><tr><td>B<\/td><td>Sponsoring in der Fachschaftsarbeit<\/td><td>Lukas Hartenfels<\/td><td><a href=\"https:\/\/bufak.uni-goettingen.de\/index.php\/2022\/09\/08\/sponsoring\/\" data-type=\"post\" data-id=\"1717\">Sponsoring<\/a> in der Fachschaftsarbeit<\/td><\/tr><tr><td>F<\/td><td>Struktur\/Ordnungen einer Fachschaft kennen- und<br>verstehen lernen<\/td><td>Kai Horge Oppermann<\/td><td><a href=\"https:\/\/bufak.uni-goettingen.de\/index.php\/2022\/09\/08\/struktur-und-ordnungen-einer-fachschaft\/\" data-type=\"post\" data-id=\"1721\">Struktur und Ordnungen einer Fachschaft<\/a><\/td><\/tr><tr><td>B<\/td><td>Vorstandsarbeit w\u00e4hrend Corona<\/td><td>Sebastian Franz<\/td><td><a href=\"https:\/\/bufak.uni-goettingen.de\/index.php\/2022\/09\/08\/vorstandsarbeit-waehrend-corona\/\" data-type=\"post\" data-id=\"1731\">Vorstandsarbeit w\u00e4hrend Corona<\/a><\/td><\/tr><tr><td>F<\/td><td>Weitergabe von Wissen und Informationen \u00fcber die verschiedenen Aufgabenbereiche einer Fachschaft<\/td><td>Nils L\u00fcnne<\/td><td><a href=\"https:\/\/bufak.uni-goettingen.de\/index.php\/2022\/09\/08\/weitergabe-von-wissen-und-informationen-ueber-die-aufgabenbereiche-einer-fachschaft\/\" data-type=\"post\" data-id=\"1735\">Weitergabe von Wissen und Informationen \u00fcber die Aufgabenbereiche einer Fachschaft<\/a><\/td><\/tr><\/tbody><\/table><figcaption>B: Basic<br>F: Fortgeschritten<\/figcaption><\/figure>\n\n\n\n<h2 class=\"has-h-3-font-size wp-block-heading\">Barcamps<\/h2>\n\n\n\n<p>Barcamp Slot 1: Freitag 14:30 &#8211; 16:00 Uhr<\/p>\n\n\n\n<figure class=\"wp-block-table\"><table class=\"has-fixed-layout\"><thead><tr><th>Titel<\/th><th>Protokoll<\/th><\/tr><\/thead><tbody><tr><td>Finanzierung von studentischen Initiativen und Gremien<\/td><td><a href=\"https:\/\/bufak.uni-goettingen.de\/index.php\/2022\/09\/09\/b2-zu-a1-finanzierung-von-studentischen-initiativen-und-gremien\/\" data-type=\"post\" data-id=\"1827\">B2 zu A1: Finanzierung von studentischen Initiativen und Gremien<\/a><\/td><\/tr><tr><td>Wissensverlust in der FS w\u00e4hrend Corona<\/td><td><a href=\"https:\/\/bufak.uni-goettingen.de\/index.php\/2022\/09\/09\/wissensverlust-in-der-fs-waehrend-corona\/\" data-type=\"post\" data-id=\"1835\">Wissensverlust in der FS w\u00e4hrend Corona<\/a><\/td><\/tr><tr><td>Unterhaltungsma\u00dfnahmen f\u00fcr Abendveranstaltungen<\/td><td><a href=\"https:\/\/bufak.uni-goettingen.de\/index.php\/2022\/09\/09\/unterhaltungsmassnahmen-fuer-abendveranstaltungen\/\" data-type=\"post\" data-id=\"1839\">Unterhaltungsma\u00dfnahmen f\u00fcr Abendveranstaltungen<\/a><\/td><\/tr><tr><td>Personalauswahl innerhalb der Fachschaft<\/td><td><a href=\"https:\/\/bufak.uni-goettingen.de\/index.php\/2022\/09\/09\/personalauswahl-innerhalb-der-fachschaft\/\" data-type=\"post\" data-id=\"1843\">Personalauswahl innerhalb der Fachschaft<\/a><\/td><\/tr><tr><td>Austausch zum Schreiben eines Leitfadens f\u00fcr die Arbeit in der Berufungskommission<\/td><td><a href=\"https:\/\/bufak.uni-goettingen.de\/index.php\/2022\/09\/09\/austausch-zum-schreiben-eines-leitfadens-fuer-die-arbeit-in-der-berufungskommission\/\" data-type=\"post\" data-id=\"1847\">Austausch zum Schreiben eines Leitfadens f\u00fcr die Arbeit in der Berufungskommission<\/a><\/td><\/tr><\/tbody><\/table><\/figure>\n\n\n\n<p>Open Barcamp: Freitag 19:00 &#8211; 20:00 Uhr<\/p>\n\n\n\n<figure class=\"wp-block-table\"><table class=\"has-fixed-layout\"><thead><tr><th>Titel<\/th><th>Protokoll<\/th><\/tr><\/thead><tbody><tr><td>Vernetzung auf einer BuFaK<\/td><td><a href=\"https:\/\/bufak.uni-goettingen.de\/index.php\/2022\/09\/09\/vernetzung-auf-einer-bufak-goefak-22\/\" data-type=\"post\" data-id=\"1851\">Vernetzung auf einer BuFaK G\u00f6FaK 22<\/a><\/td><\/tr><tr><td>PoSiPa Anwesenheitspflicht<\/td><td><a href=\"https:\/\/bufak.uni-goettingen.de\/index.php\/2022\/09\/09\/posipa-anwesenheitspflicht\/\" data-type=\"post\" data-id=\"1855\">PoSiPa Anwesenheitspflicht<\/a><\/td><\/tr><\/tbody><\/table><\/figure>\n\n\n\n<div style=\"height:50px\" aria-hidden=\"true\" class=\"wp-block-spacer\"><\/div>\n","protected":false},"excerpt":{"rendered":"<p>Inputvortr\u00e4ge Freitag 12:00 &#8211; 13:00 Uhr Niveau Titel Referent:in Protokoll B Einf\u00fchrung in die Akkreditierung Tobias BurkFynn Hug Einf\u00fchrung in die Akkreditierung B Inputvortrag unseres Dekans zum Thema Praxisorientierte Lehre Prof. Dr. Matthias Schumann Inputvortrag des Dekans zum Thema Praxisorientierte Lehre B Inputvortrag zum Thema Nachhaltigkeit an der Universit\u00e4t G\u00f6ttingen Marco Lange Nachhaltigkeit an der&hellip;<\/p>\n","protected":false},"author":1,"featured_media":0,"parent":0,"menu_order":0,"comment_status":"closed","ping_status":"closed","template":"","meta":{"footnotes":""},"class_list":["post-1491","page","type-page","status-publish","hentry"],"_links":{"self":[{"href":"https:\/\/bufak.uni-goettingen.de\/index.php\/wp-json\/wp\/v2\/pages\/1491","targetHints":{"allow":["GET"]}}],"collection":[{"href":"https:\/\/bufak.uni-goettingen.de\/index.php\/wp-json\/wp\/v2\/pages"}],"about":[{"href":"https:\/\/bufak.uni-goettingen.de\/index.php\/wp-json\/wp\/v2\/types\/page"}],"author":[{"embeddable":true,"href":"https:\/\/bufak.uni-goettingen.de\/index.php\/wp-json\/wp\/v2\/users\/1"}],"replies":[{"embeddable":true,"href":"https:\/\/bufak.uni-goettingen.de\/index.php\/wp-json\/wp\/v2\/comments?post=1491"}],"version-history":[{"count":12,"href":"https:\/\/bufak.uni-goettingen.de\/index.php\/wp-json\/wp\/v2\/pages\/1491\/revisions"}],"predecessor-version":[{"id":1881,"href":"https:\/\/bufak.uni-goettingen.de\/index.php\/wp-json\/wp\/v2\/pages\/1491\/revisions\/1881"}],"wp:attachment":[{"href":"https:\/\/bufak.uni-goettingen.de\/index.php\/wp-json\/wp\/v2\/media?parent=1491"}],"curies":[{"name":"wp","href":"https:\/\/api.w.org\/{rel}","templated":true}]}}