{"id":1503,"date":"2022-04-30T14:23:50","date_gmt":"2022-04-30T12:23:50","guid":{"rendered":"https:\/\/bufak.uni-goettingen.de\/?page_id=1503"},"modified":"2022-10-19T15:43:54","modified_gmt":"2022-10-19T13:43:54","slug":"ws-sa","status":"publish","type":"page","link":"https:\/\/bufak.uni-goettingen.de\/index.php\/ws-sa\/","title":{"rendered":"Workshops, Input (WS3) und Barcamps"},"content":{"rendered":"\n<p class=\"has-h-4-font-size\"><strong>Workshops<\/strong><\/p>\n\n\n\n<p>Samstag 9:00 &#8211; 11:00 Uhr<\/p>\n\n\n\n<figure class=\"wp-block-table is-style-tw-border-h\"><table><thead><tr><th>Niveau<\/th><th>Titel<\/th><th>Referent:in<\/th><th>Protokoll<\/th><\/tr><\/thead><tbody><tr><td>F<\/td><td>Absolventenball\/Absolventenfeier<\/td><td>Lukas Hartenfels<\/td><td><a href=\"https:\/\/bufak.uni-goettingen.de\/index.php\/2022\/09\/08\/absolventenball-absolventenfeier\/\" data-type=\"post\" data-id=\"1749\">Absolventenball \/ Absolventenfeier<\/a><\/td><\/tr><tr><td>B<\/td><td>Die Lehre an Wirtschaftswissenschaftlichen Fakult\u00e4ten vor, w\u00e4hrend und (hoffentlich bald) nach Corona<\/td><td>Prof. Dr. Stefan Dierkes<\/td><td><a href=\"https:\/\/bufak.uni-goettingen.de\/index.php\/2022\/09\/08\/die-lehre-an-der-wirtschaftswissenschaftlichen-fakultaet-vor-waehrend-und-nach-corona\/\" data-type=\"post\" data-id=\"1763\">Die Lehre an der Wirtschaftswissenschaftlichen Fakult\u00e4t vor, w\u00e4hrend und nach Corona<\/a><\/td><\/tr><tr><td>B<\/td><td>Eine gro\u00dfe Studienfahrt ausrichten!<\/td><td>Felix Marxcord,<br>Thorsten Hess<\/td><td><a href=\"https:\/\/bufak.uni-goettingen.de\/index.php\/2022\/09\/08\/eine-grosse-studienfahrt-ausrichten\/\" data-type=\"post\" data-id=\"1767\">Eine gro\u00dfe Studienfahrt ausrichten!<\/a><\/td><\/tr><tr><td>B<\/td><td>Erstsemesterbetreuung am Beispiel der WiWi-O-Phase e.V.<\/td><td>Fulya Alimci,<br>Franziska Heisig<\/td><td><a href=\"https:\/\/bufak.uni-goettingen.de\/index.php\/2022\/09\/08\/erstsemesterbetreuung-am-beispiel-der-wiwi-o-phase-e-v-goettingen\/\" data-type=\"post\" data-id=\"1771\">Erstsemesterbetreuung am Beispiel der WiWi O-Phase e.V. G\u00f6ttingen<\/a><\/td><\/tr><tr><td>B<\/td><td>FSR &amp; Social Media Design on a Budget<\/td><td>Sophia Sch\u00fcle<\/td><td><a href=\"https:\/\/bufak.uni-goettingen.de\/index.php\/2022\/10\/19\/arbeiten-mit-instagram\/\" data-type=\"post\" data-id=\"1979\">Arbeiten mit Instagram<\/a><\/td><\/tr><tr><td>B<\/td><td>Inhalte, Aufbau und Betrieb einer Fachschaftswebsite<\/td><td>Anselm Naake,<br>Alexey Rosenberg<\/td><td><a href=\"https:\/\/bufak.uni-goettingen.de\/index.php\/2022\/09\/08\/fachschaftswebsite\/\" data-type=\"post\" data-id=\"1775\">Fachschaftswebsite<\/a><\/td><\/tr><tr><td>B<\/td><td>Instagram-Algorithmus knacken &#8211; die unl\u00f6sbare Aufgabe?<\/td><td>Anne R\u00fcbe<\/td><td>Ausgefallen<\/td><\/tr><tr><td>B<\/td><td>Internationale Studierende an der Fakult\u00e4t<\/td><td>Jonas Eloo<\/td><td><a href=\"https:\/\/bufak.uni-goettingen.de\/index.php\/2022\/09\/08\/internationale-studierende-an-der-fakultaet\/\" data-type=\"post\" data-id=\"1787\">Internationale Studierende an der Fakult\u00e4t<\/a><\/td><\/tr><tr><td>B<\/td><td>Lange Nacht des Lernens &#8211; Veranstaltung f\u00fcr intensive Pr\u00fcfungsvorbereitung<\/td><td>Daniel Weing\u00e4rtner<\/td><td><a href=\"https:\/\/bufak.uni-goettingen.de\/index.php\/2022\/09\/08\/lange-nacht-des-lernens\/\" data-type=\"post\" data-id=\"1791\">Lange Nacht des Lernens<\/a><\/td><\/tr><tr><td>B<\/td><td>Nachhaltigkeit f\u00fcr Dummies &#8211; Sinnvoll oder alles nur Greenwashing?<\/td><td>Carolin Schmuck<\/td><td><a href=\"https:\/\/bufak.uni-goettingen.de\/index.php\/2022\/09\/08\/nachhaltigkeit-fuer-dummies-sinnvoll-oder-alles-nur-greenwashing\/\" data-type=\"post\" data-id=\"1795\">Nachhaltigkeit f\u00fcr Dummies \u2013 Sinnvoll oder alles nur Greenwashing?<\/a><\/td><\/tr><tr><td>B<\/td><td>Organisation einer Weihnachtsfeier<\/td><td>Charlie Wiegand<\/td><td><a href=\"https:\/\/bufak.uni-goettingen.de\/index.php\/2022\/09\/08\/organisation-einer-weihnachtsfeier\/\" data-type=\"post\" data-id=\"1807\">Organisation einer Weihnachtsfeier<\/a><\/td><\/tr><tr><td>B<\/td><td>Social-Media-Auftritt und Corporate Identity<\/td><td>Larissa Wolf,<br>Antonia Schillinger<\/td><td><a href=\"https:\/\/bufak.uni-goettingen.de\/index.php\/2022\/09\/08\/social-media-auftritt-und-corporate-identity\/\" data-type=\"post\" data-id=\"1799\">Social Media Auftritt und Corporate Identity<\/a><\/td><\/tr><tr><td>B<\/td><td>Wie man den Campus wiederbelebt<\/td><td>Andreas Reichenek,<br>Noel Panzer<\/td><td><a href=\"https:\/\/bufak.uni-goettingen.de\/index.php\/2022\/10\/19\/wie-man-den-campus-wiederbelebt\/\" data-type=\"post\" data-id=\"1985\">Wie man den Campus wiederbelebt<\/a><\/td><\/tr><\/tbody><\/table><figcaption>B: Basic<br>F: Fortgeschritten<\/figcaption><\/figure>\n\n\n\n<hr class=\"wp-block-separator has-css-opacity\"\/>\n\n\n\n<p class=\"has-h-4-font-size\"><strong>Inputvortr\u00e4ge<\/strong><\/p>\n\n\n\n<p>Samstag 16:45 &#8211; 18:00 Uhr<\/p>\n\n\n\n<figure class=\"wp-block-table is-style-tw-border-h\"><table><thead><tr><th>Niveau<\/th><th>Titel<\/th><th>Referent:in<\/th><th>Protokoll<\/th><\/tr><\/thead><tbody><tr><td>F<\/td><td>Akkreditierung f\u00fcr Fortgeschrittene<\/td><td>Tobias Burk,<br>Fynn Hug<\/td><td><a href=\"https:\/\/bufak.uni-goettingen.de\/index.php\/2022\/10\/19\/akkreditierung\/\" data-type=\"post\" data-id=\"1989\">Akkreditierung<\/a><\/td><\/tr><tr><td>B<\/td><td>Gro\u00dfgruppenspiele<\/td><td>Lisa Plewa<\/td><td><a href=\"https:\/\/bufak.uni-goettingen.de\/index.php\/2022\/09\/08\/grossgruppenspiele\/\" data-type=\"post\" data-id=\"1779\">Gro\u00dfgruppenspiele<\/a><\/td><\/tr><tr><td>F<\/td><td>How to BuFaK Rat<\/td><td>Anne Gras,<br>Ken Lohkamp-Schmitz<\/td><td><a href=\"https:\/\/bufak.uni-goettingen.de\/index.php\/2022\/09\/08\/how-to-bufak-rat\/\" data-type=\"post\" data-id=\"1811\">How to BuFaK Rat<\/a><\/td><\/tr><tr><td>B<\/td><td>Inputvortrag zu Studieneignungstests f\u00fcr Bachelor- und Masterstudieng\u00e4nge in Wirtschaftswissenschaften<\/td><td>Dr. Stephan Stegt<\/td><td><a href=\"https:\/\/bufak.uni-goettingen.de\/index.php\/2022\/09\/08\/studieneignungstests-fuer-wirtschaftswissenschaften\/\" data-type=\"post\" data-id=\"1803\">Studieneignungstests f\u00fcr Wirtschaftswissenschaften<\/a><\/td><\/tr><tr><td>B-F<\/td><td>Inputvortrag zum CHE Ranking<\/td><td>Dr. Marc H\u00fcsch<\/td><td><a href=\"https:\/\/bufak.uni-goettingen.de\/index.php\/2022\/09\/08\/inputvortrag-zum-che-ranking\/\" data-type=\"post\" data-id=\"1783\">Inputvortrag zum CHE-Ranking<\/a><\/td><\/tr><\/tbody><\/table><figcaption>B: Basic<br>F: Fortgeschritten<\/figcaption><\/figure>\n\n\n\n<p class=\"has-h-3-font-size\"><strong>Barcamps<\/strong><\/p>\n\n\n\n<p>Barcamp Slot 2: Samstag 14:30 &#8211; 16:00 Uhr<\/p>\n\n\n\n<figure class=\"wp-block-table is-style-tw-border-h\"><table class=\"has-fixed-layout\"><thead><tr><th>Titel<\/th><th>Protokoll<\/th><\/tr><\/thead><tbody><tr><td>Ideen f\u00fcr elternunabh\u00e4ngiges Baf\u00f6g<\/td><td><a href=\"https:\/\/bufak.uni-goettingen.de\/index.php\/2022\/09\/09\/ideen-fuer-elternunabhaengiges-bafoeg\/\" data-type=\"post\" data-id=\"1885\">Ideen f\u00fcr elternunabh\u00e4ngiges Baf\u00f6g<\/a><\/td><\/tr><tr><td>\u00dcbers Reden Reden: Rhetorik 101<\/td><td><a href=\"https:\/\/bufak.uni-goettingen.de\/index.php\/2022\/09\/09\/uebers-reden-reden-rhetorik-101-2\/\" data-type=\"post\" data-id=\"1889\">\u00dcBERS REDEN REDEN: RHETORIK 101<\/a><\/td><\/tr><tr><td>Vereinsgr\u00fcndung und Verwaltung der Finanzen einer Fachschaft<\/td><td><a href=\"https:\/\/bufak.uni-goettingen.de\/index.php\/2022\/09\/09\/vereinsgruendung-und-verwaltung-der-finanzen-einer-fachschaft\/\" data-type=\"post\" data-id=\"1893\">Vereinsgr\u00fcndung und Verwaltung der Finanzen einer Fachschaft<\/a><\/td><\/tr><tr><td>Uni Wahlen und Beteiligung von Studierenden<\/td><td><a href=\"https:\/\/bufak.uni-goettingen.de\/index.php\/2022\/09\/09\/uni-wahlen-und-beteiligung-von-studierenden\/\" data-type=\"post\" data-id=\"1897\">Uni Wahlen und Beteiligung von Studierenden<\/a><\/td><\/tr><\/tbody><\/table><\/figure>\n\n\n\n<p>Open Barcamp: Samstag 19:00 &#8211; 20:00 Uhr<\/p>\n\n\n\n<figure class=\"wp-block-table is-style-tw-border-h\"><table class=\"has-fixed-layout\"><thead><tr><th>Titel<\/th><th>Protokoll<\/th><\/tr><\/thead><tbody><tr><td>Mitgliedergewinnung<\/td><td><a href=\"https:\/\/bufak.uni-goettingen.de\/index.php\/2022\/09\/09\/mitgliedergewinnung\/\" data-type=\"post\" data-id=\"1905\">Mitgliedergewinnung<\/a><\/td><\/tr><tr><td>Fake it until you make it? Selbstbewusstest Auftreten in der Fachschaft<\/td><td><a href=\"https:\/\/bufak.uni-goettingen.de\/index.php\/2022\/09\/09\/fake-it-until-you-make-it-selbstbewusstes-auftreten-in-der-fachschaft\/\" data-type=\"post\" data-id=\"1901\">Fake it until you make it?-Selbstbewusstes Auftreten in der Fachschaft<\/a><\/td><\/tr><\/tbody><\/table><\/figure>\n\n\n\n<div style=\"height:50px\" aria-hidden=\"true\" class=\"wp-block-spacer\"><\/div>\n","protected":false},"excerpt":{"rendered":"<p>Workshops Samstag 9:00 &#8211; 11:00 Uhr Niveau Titel Referent:in Protokoll F Absolventenball\/Absolventenfeier Lukas Hartenfels Absolventenball \/ Absolventenfeier B Die Lehre an Wirtschaftswissenschaftlichen Fakult\u00e4ten vor, w\u00e4hrend und (hoffentlich bald) nach Corona Prof. Dr. Stefan Dierkes Die Lehre an der Wirtschaftswissenschaftlichen Fakult\u00e4t vor, w\u00e4hrend und nach Corona B Eine gro\u00dfe Studienfahrt ausrichten! Felix Marxcord,Thorsten Hess Eine gro\u00dfe&hellip;<\/p>\n","protected":false},"author":1,"featured_media":0,"parent":0,"menu_order":0,"comment_status":"closed","ping_status":"closed","template":"","meta":{"footnotes":""},"class_list":["post-1503","page","type-page","status-publish","hentry"],"_links":{"self":[{"href":"https:\/\/bufak.uni-goettingen.de\/index.php\/wp-json\/wp\/v2\/pages\/1503","targetHints":{"allow":["GET"]}}],"collection":[{"href":"https:\/\/bufak.uni-goettingen.de\/index.php\/wp-json\/wp\/v2\/pages"}],"about":[{"href":"https:\/\/bufak.uni-goettingen.de\/index.php\/wp-json\/wp\/v2\/types\/page"}],"author":[{"embeddable":true,"href":"https:\/\/bufak.uni-goettingen.de\/index.php\/wp-json\/wp\/v2\/users\/1"}],"replies":[{"embeddable":true,"href":"https:\/\/bufak.uni-goettingen.de\/index.php\/wp-json\/wp\/v2\/comments?post=1503"}],"version-history":[{"count":8,"href":"https:\/\/bufak.uni-goettingen.de\/index.php\/wp-json\/wp\/v2\/pages\/1503\/revisions"}],"predecessor-version":[{"id":1993,"href":"https:\/\/bufak.uni-goettingen.de\/index.php\/wp-json\/wp\/v2\/pages\/1503\/revisions\/1993"}],"wp:attachment":[{"href":"https:\/\/bufak.uni-goettingen.de\/index.php\/wp-json\/wp\/v2\/media?parent=1503"}],"curies":[{"name":"wp","href":"https:\/\/api.w.org\/{rel}","templated":true}]}}