{"id":1569,"date":"2022-05-03T20:36:57","date_gmt":"2022-05-03T18:36:57","guid":{"rendered":"https:\/\/bufak.uni-goettingen.de\/?page_id=1569"},"modified":"2022-09-27T19:21:17","modified_gmt":"2022-09-27T17:21:17","slug":"positionen","status":"publish","type":"page","link":"https:\/\/bufak.uni-goettingen.de\/index.php\/positionen\/","title":{"rendered":"Positionen in G\u00f6ttingen"},"content":{"rendered":"\n<p>Die Positionen der BuFak WiWi, m\u00fcssen alle vier Semester best\u00e4tigt werden. Im Folgenden findet Ihr die Positionen, die in G\u00f6ttingen best\u00e4tigt werden m\u00fcssen. Eine vollst\u00e4ndige \u00dcbersicht aller BuFak WiWi Positionen findet ihr <a href=\"https:\/\/www.bufak-wiwi.org\/positionen\/\" target=\"_blank\" rel=\"noreferrer noopener\">hier<\/a>.<\/p>\n\n\n\n<p>Die Regeln und Fristen f\u00fcr Positionspapiere findet Ihr in der <a rel=\"noreferrer noopener\" href=\"https:\/\/wiki.bufak-wiwi.org\/index.php\/Grundordnung#%C2%A77_Beschl%C3%BCsse_und_Positionspapiere\" target=\"_blank\">Grundordnung <\/a>\u00a77 im internen Wiki der BuFak WiWi. \u00c4nderungen von bestehenden Positionspapieren, sowie neue Positionspapiere k\u00f6nnen im <a href=\"https:\/\/antragstool.bufak-wiwi.org\/\" target=\"_blank\" rel=\"noreferrer noopener\">Antragstool <\/a>eingereicht werden.<\/p>\n\n\n\n<hr class=\"wp-block-separator has-css-opacity\"\/>\n\n\n\n<p class=\"has-h-4-font-size\"><strong>Finanzierung von studentischen Initiativen und Gremien&nbsp;<\/strong><\/p>\n\n\n\n<p>Forderung, die Antragszeit f\u00fcr eine F\u00f6rderung durch das BMBF zu verk\u00fcrzen. Au\u00dferdem sollen die Preise dem aktuellen Preiniveau angepasst und die maximal gef\u00f6rderte Teilnehmendenanzahl erh\u00f6ht werden.&nbsp;<\/p>\n\n\n\n<p>Link: <a href=\"https:\/\/bufak.uni-goettingen.de\/index.php\/2022\/09\/09\/positionspapier-finanzierung-von-studentischen-initiativen-und-gremien\/\" data-type=\"post\" data-id=\"1955\">Positionspapier: Finanzierung von studentischen Initiativen und Gremien<\/a><\/p>\n\n\n\n<hr class=\"wp-block-separator has-css-opacity\"\/>\n\n\n\n<p class=\"has-h-4-font-size\"><strong>Forderung einer pluralisierten \u00f6konomischen Bildung&nbsp;<\/strong><\/p>\n\n\n\n<p>Forderung, in die \u00f6konomische Ausbildung mehr Denkschulen und Erkl\u00e4rungsans\u00e4tze aufzunehmen. Eine kritische Reflexion der verwendeten Konzepte und Methoden soll in die Lehrpl\u00e4ne aufgenommen werden.&nbsp;<\/p>\n\n\n\n<p>Link: <a href=\"https:\/\/www.bufak-wiwi.org\/wp-content\/uploads\/2022\/09\/20220x_Forderung-einer-pluralisierten-oekonomischen-Bildung-2.pdf\">Positionspapier: Forderung einer pluralisierten \u00f6konomischen Bildung<\/a> <\/p>\n\n\n\n<hr class=\"wp-block-separator has-css-opacity\"\/>\n\n\n\n<p class=\"has-h-4-font-size\"><strong>Ablehnung einer allgemeinen Anwesenheitspflicht&nbsp;<\/strong><\/p>\n\n\n\n<p>Forderung, allg. Anwesenheitspflicht in Lehrveranstaltungen abzulehnen. Allg. Anwesenheitspflicht verhindert das individuelle und selbstbestimmte Studium und erschwert den Zugang zur Hochschulbildung.&nbsp;<\/p>\n\n\n\n<p>Link: <a href=\"https:\/\/bufak.uni-goettingen.de\/index.php\/2022\/09\/09\/positionspapier-ablehnung-einer-allgemeinen-anwesenheitspflicht\/\" data-type=\"post\" data-id=\"1947\">Positionspapier: Ablehnung einer allgemeinen Anwesenheitspflicht<\/a><a rel=\"noreferrer noopener\" href=\"https:\/\/www.bufak-wiwi.org\/wp-content\/uploads\/2020\/12\/202001_Anwesenheitspflicht.pdf\" target=\"_blank\">ttps:\/\/www.bufak-wiwi.org\/wp-content\/uploads\/2020\/12\/202001_Anwesenheitspflicht.pdf<\/a><\/p>\n\n\n\n<hr class=\"wp-block-separator has-css-opacity\"\/>\n\n\n\n<p class=\"has-h-4-font-size\"><strong>Kritische Situation bei Akkreditierung w\u00e4hrend SARS CoV-2<\/strong><\/p>\n\n\n\n<p><em>Kurz: Akkreditierung Covid-19&nbsp;<\/em><\/p>\n\n\n\n<p>Forderung, Akkreditierungsverfahren in Pr\u00e4senz durchzuf\u00fchren. In schriftlicher oder online Verfahren ist die Pr\u00fcfung nicht im vollem Umfang durchf\u00fchrbar, was sich negativ auf die Studienqualit\u00e4t auswirkt.\u00a0<\/p>\n\n\n\n<hr class=\"wp-block-separator has-css-opacity\"\/>\n\n\n\n<p class=\"has-h-4-font-size\"><strong>Open Access<\/strong><\/p>\n\n\n\n<p>Fordert den Ausbau und die F\u00f6rderung des freien Zugangs zu wissenschaftlichen Erkenntnissen und dem kulturellen Erbe nach dem Prinzip des Open Access.&nbsp;<\/p>\n\n\n\n<p>Link: <a href=\"https:\/\/bufak.uni-goettingen.de\/index.php\/2022\/09\/09\/positionspapier-open-access\/\" data-type=\"post\" data-id=\"1937\">Positionspapier: Open Access<\/a><\/p>\n\n\n\n<hr class=\"wp-block-separator has-css-opacity\"\/>\n\n\n\n<p class=\"has-h-4-font-size\"><strong>Hochschulrankings<\/strong><\/p>\n\n\n\n<p>Die BuFaK WiWi erachtet Studierendenbefragungen f\u00fcr sinnvoll, solange sie methodisch korrekt durchgef\u00fchrt werden.<br>Dar\u00fcber hinaus sollten Rankings von Hochschulen als Anlass zur Reflektion \u00fcber die eigenen St\u00e4rken und Schw\u00e4chen in Lehre und Studium gesehen werden.<\/p>\n\n\n\n<p>Link:\u00a0<a href=\"https:\/\/www.bufak-wiwi.org\/wp-content\/uploads\/2022\/09\/202001_Hochschulrankings-2.pdf\">Positionspapier: Hochschulrankings<\/a><\/p>\n\n\n\n<div style=\"height:60px\" aria-hidden=\"true\" class=\"wp-block-spacer\"><\/div>\n","protected":false},"excerpt":{"rendered":"<p>Die Positionen der BuFak WiWi, m\u00fcssen alle vier Semester best\u00e4tigt werden. Im Folgenden findet Ihr die Positionen, die in G\u00f6ttingen best\u00e4tigt werden m\u00fcssen. Eine vollst\u00e4ndige \u00dcbersicht aller BuFak WiWi Positionen findet ihr hier. Die Regeln und Fristen f\u00fcr Positionspapiere findet Ihr in der Grundordnung \u00a77 im internen Wiki der BuFak WiWi. \u00c4nderungen von bestehenden Positionspapieren,&hellip;<\/p>\n","protected":false},"author":1,"featured_media":0,"parent":0,"menu_order":0,"comment_status":"closed","ping_status":"closed","template":"","meta":{"footnotes":""},"class_list":["post-1569","page","type-page","status-publish","hentry"],"_links":{"self":[{"href":"https:\/\/bufak.uni-goettingen.de\/index.php\/wp-json\/wp\/v2\/pages\/1569","targetHints":{"allow":["GET"]}}],"collection":[{"href":"https:\/\/bufak.uni-goettingen.de\/index.php\/wp-json\/wp\/v2\/pages"}],"about":[{"href":"https:\/\/bufak.uni-goettingen.de\/index.php\/wp-json\/wp\/v2\/types\/page"}],"author":[{"embeddable":true,"href":"https:\/\/bufak.uni-goettingen.de\/index.php\/wp-json\/wp\/v2\/users\/1"}],"replies":[{"embeddable":true,"href":"https:\/\/bufak.uni-goettingen.de\/index.php\/wp-json\/wp\/v2\/comments?post=1569"}],"version-history":[{"count":2,"href":"https:\/\/bufak.uni-goettingen.de\/index.php\/wp-json\/wp\/v2\/pages\/1569\/revisions"}],"predecessor-version":[{"id":1975,"href":"https:\/\/bufak.uni-goettingen.de\/index.php\/wp-json\/wp\/v2\/pages\/1569\/revisions\/1975"}],"wp:attachment":[{"href":"https:\/\/bufak.uni-goettingen.de\/index.php\/wp-json\/wp\/v2\/media?parent=1569"}],"curies":[{"name":"wp","href":"https:\/\/api.w.org\/{rel}","templated":true}]}}